hat is the remainder when 133 is divided by 14?
7
Calculate the remainder when 1578 is divided by 93.
90
What is the remainder when 674 is divided by 137?
126
Calculate the remainder when 2592 is divided by 224.
128
Calculate the remainder when 53 is divided by 18.
17
What is the remainder when 1491 is divided by 115?
111
Calculate the remainder when 77 is divided by 61.
16
Calculate the remainder when 1253 is divided by 8.
5
Calculate the remainder when 606 is divided by 77.
67
Calculate the remainder when 63239 is divided by 34.
33
Calculate the remainder when 4649 is divided by 91.
8
Calculate the remainder when 223 is divided by 119.
104
Calculate the remainder when 1570 is divided by 521.
7
What is the remainder when 44197 is divided by 17?
14
Calculate the remainder when 650 is divided by 208.
26
Calculate the remainder when 8 is divided by 8.
0
Calculate the remainder when 2569 is divided by 112.
105
Calculate the remainder when 218 is divided by 67.
17
Calculate the remainder when 91 is divided by 11.
3
Calculate the remainder when 69 is divided by 13.
4
Calculate the remainder when 2672 is divided by 887.
11
What is the remainder when 449 is divided by 13?
7
Calculate the remainder when 1473 is divided by 37.
30
What is the remainder when 21515 is divided by 132?
131
What is the remainder when 888 is divided by 89?
87
Calculate the remainder when 54 is divided by 50.
4
Calculate the remainder when 57 is divided by 6.
3
What is the remainder when 1472 is divided by 113?
3
What is the remainder when 283 is divided by 38?
17
What is the remainder when 46 is divided by 42?
4
What is the remainder when 16 is divided by 14?
2
Calculate the remainder when 529 is divided by 497.
32
What is the remainder when 469 is divided by 86?
39
Calculate the remainder when 1155 is divided by 1108.
47
What is the remainder when 76 is divided by 30?
16
What is the remainder when 61955 is divided by 13?
10
What is the remainder when 132 is divided by 61?
10
Calculate the remainder when 1760 is divided by 84.
80
What is the remainder when 2131 is divided by 13?
12
Calculate the remainder when 3369 is divided by 20.
9
Calculate the remainder when 302 is divided by 87.
41
What is the remainder when 5873 is divided by 52?
49
Calculate the remainder when 445 is divided by 8.
5
Calculate the remainder when 150 is divided by 17.
14
What is the remainder when 1590 is divided by 59?
56
What is the remainder when 1482 is divided by 1453?
29
Calculate the remainder when 1213 is divided by 13.
4
Calculate the remainder when 1017 is divided by 338.
3
What is the remainder when 45 is divided by 12?
9
Calculate the remainder when 1479 is divided by 362.
31
What is the remainder when 73 is divided by 4?
1
What is the remainder when 1022 is divided by 146?
0
Calculate the remainder when 37595 is divided by 39.
38
What is the remainder when 244 is divided by 89?
66
Calculate the remainder when 217 is divided by 16.
9
Calculate the remainder when 283 is divided by 124.
35
What is the remainder when 601 is divided by 151?
148
Calculate the remainder when 2173 is divided by 32.
29
What is the remainder when 811 is divided by 169?
135
Calculate the remainder when 2020 is divided by 47.
46
What is the remainder when 1760 is divided by 851?
58
What is the remainder when 601 is divided by 6?
1
Calculate the remainder when 140 is divided by 11.
8
Calculate the remainder when 20 is divided by 3.
2
What is the remainder when 36 is divided by 1?
0
What is the remainder when 155 is divided by 60?
35
What is the remainder when 52 is divided by 9?
7
Calculate the remainder when 79 is divided by 8.
7
What is the remainder when 58 is divided by 24?
10
What is the remainder when 2375 is divided by 791?
2
What is the remainder when 310 is divided by 48?
22
Calculate the remainder when 606 is divided by 34.
28
Calculate the remainder when 450 is divided by 72.
18
What is the remainder when 4460 is divided by 556?
12
Calculate the remainder when 418 is divided by 35.
33
Calculate the remainder when 260 is divided by 32.
4
What is the remainder when 2567 is divided by 10?
7
Calculate the remainder when 153 is divided by 47.
12
Calculate the remainder when 2854 is divided by 286.
280
Calculate the remainder when 5250 is divided by 5246.
4
What is the remainder when 157 is divided by 114?
43
Calculate the remainder when 255 is divided by 7.
3
Calculate the remainder when 851 is divided by 25.
1
Calculate the remainder when 66 is divided by 34.
32
Calculate the remainder when 404 is divided by 121.
41
Calculate the remainder when 447 is divided by 97.
59
Calculate the remainder when 46 is divided by 17.
12
Calculate the remainder when 158 is divided by 90.
68
Calculate the remainder when 940 is divided by 136.
124
Calculate the remainder when 360 is divided by 25.
10
What is the remainder when 2344 is divided by 67?
66
Calculate the remainder when 2 is divided by 2.
0
Calculate the remainder when 10918 is divided by 29.
14
Calculate the remainder when 183 is divided by 135.
48
What is the remainder when 522 is divided by 212?
98
What is the remainder when 765 is divided by 179?
49
Calculate the remainder when 161 is divided by 44.
29
Calculate the remainder when 176 is divided by 15.
11
What is the remainder when 2869 is divided by 25?
19
Calculate the remainder when 37 is divided by 10.
7
Calculate the remainder when 1831 is divided by 52.
11
What is the remainder when 457 is divided by 78?
67
Calculate the remainder when 373 is divided by 47.
44
What is the remainder when 153 is divided by 40?
33
What is the remainder when 2011 is divided by 999?
13
Calculate the remainder when 345 is divided by 186.
159
What is the remainder when 308 is divided by 86?
50
Calculate the remainder when 1118 is divided by 14.
12
What is the remainder when 14278 is divided by 84?
82
What is the remainder when 110 is divided by 43?
24
Calculate the remainder when 214 is divided by 24.
22
Calculate the remainder when 51 is divided by 27.
24
What is the remainder when 73 is divided by 34?
5
Calculate the remainder when 282 is divided by 67.
14
Calculate the remainder when 423 is divided by 416.
7
What is the remainder when 58 is divided by 36?
22
Calculate the remainder when 2051 is divided by 137.
133
What is the remainder when 562 is divided by 197?
168
Calculate the remainder when 53 is divided by 22.
9
What is the remainder when 1088 is divided by 121?
120
What is the remainder when 1276 is divided by 622?
32
Calculate the remainder when 22 is divided by 15.
7
Calculate the remainder when 1898 is divided by 9.
8
Calculate the remainder when 153 is divided by 22.
21
What is the remainder when 3770 is divided by 17?
13
What is the remainder when 1128 is divided by 114?
102
What is the remainder when 29 is divided by 9?
2
What is the remainder when 43 is divided by 12?
7
What is the remainder when 390 is divided by 4?
2
What is the remainder when 133 is divided by 17?
14
Calculate the remainder when 1169 is divided by 51.
47
Calculate the remainder when 1195 is divided by 1191.
4
What is the remainder when 228 is divided by 77?
74
Calculate the remainder when 2438 is divided by 9.
8
Calculate the remainder when 345 is divided by 70.
65
What is the remainder when 4723 is divided by 35?
33
Calculate the remainder when 327 is divided by 7.
5
What is the remainder when 611 is divided by 156?
143
Calculate the remainder when 53 is divided by 28.
25
Calculate the remainder when 145 is divided by 87.
58
Calculate the remainder when 3285 is divided by 24.
21
Calculate the remainder when 458 is divided by 16.
10
What is the remainder when 7263 is divided by 42?
39
What is the remainder when 95 is divided by 33?
29
What is the remainder when 714 is divided by 354?
6
Calculate the remainder when 148 is divided by 51.
46
What is the remainder when 1052 is divided by 233?
120
Calculate the remainder when 235 is divided by 79.
77
Calculate the remainder when 1070 is divided by 20.
10
What is the remainder when 178 is divided by 37?
30
What is the remainder when 219 is divided by 55?
54
Calculate the remainder when 31586 is divided by 117.
113
Calculate the remainder when 1411 is divided by 14.
11
Calculate the remainder when 78